se 9?
-83
-10 (base 8) to base 12
-8
What is 1023 (base 4) in base 15?
50
Convert 4f (base 16) to base 5.
304
2 (base 9) to base 6
2
What is 0 (base 10) in base 11?
0
What is 121 (base 4) in base 12?
21
What is 11 (base 6) in base 9?
7
What is -58 (base 12) in base 15?
-48
What is 40 (base 8) in base 13?
26
What is 5 (base 6) in base 5?
10
Convert 33 (base 16) to base 7.
102
21 (base 6) to base 15
d
What is -322 (base 6) in base 14?
-8a
What is -1 (base 4) in base 16?
-1
Convert 1 (base 10) to base 6.
1
Convert 2 (base 4) to base 2.
10
-1001 (base 2) to base 3
-100
1020 (base 3) to base 13
27
Convert 37 (base 12) to base 9.
47
Convert 1010001 (base 2) to base 10.
81
What is 0 (base 14) in base 4?
0
What is 202 (base 4) in base 15?
24
10101011 (base 2) to base 7
333
What is -144 (base 6) in base 2?
-1000000
-11 (base 11) to base 7
-15
-3 (base 8) to base 13
-3
-136 (base 11) to base 9
-187
What is -b (base 12) in base 15?
-b
21 (base 7) to base 2
1111
What is 13 (base 6) in base 10?
9
What is -52 (base 6) in base 9?
-35
What is 5 (base 12) in base 3?
12
-1333 (base 4) to base 5
-1002
-25 (base 11) to base 9
-30
-11 (base 3) to base 7
-4
-201 (base 6) to base 7
-133
32 (base 5) to base 4
101
What is 12 (base 3) in base 2?
101
What is -41 (base 15) in base 4?
-331
-1 (base 3) to base 16
-1
6 (base 7) to base 3
20
Convert 0 (base 7) to base 6.
0
Convert 0 (base 13) to base 10.
0
-204 (base 5) to base 2
-110110
11 (base 15) to base 16
10
What is 4 (base 10) in base 6?
4
What is 401 (base 7) in base 8?
305
76 (base 10) to base 2
1001100
-9 (base 14) to base 10
-9
-a (base 16) to base 9
-11
8 (base 11) to base 3
22
What is 25 (base 12) in base 7?
41
-202 (base 4) to base 3
-1021
Convert 7 (base 14) to base 16.
7
-20 (base 12) to base 2
-11000
Convert -9 (base 13) to base 12.
-9
d (base 15) to base 11
12
-10 (base 2) to base 4
-2
What is 2 (base 15) in base 14?
2
-112 (base 4) to base 9
-24
-3 (base 12) to base 6
-3
224 (base 6) to base 3
10021
What is 3 (base 8) in base 10?
3
What is -91 (base 15) in base 2?
-10001000
Convert -59 (base 13) to base 6.
-202
What is b (base 12) in base 6?
15
Convert 2 (base 5) to base 6.
2
-a4 (base 13) to base 12
-b2
What is -5 (base 6) in base 13?
-5
What is 123 (base 5) in base 10?
38
What is -13 (base 13) in base 15?
-11
What is 0 (base 15) in base 5?
0
What is 2 (base 14) in base 9?
2
0 (base 6) to base 13
0
What is -1110010 (base 2) in base 12?
-96
43 (base 6) to base 3
1000
Convert -15 (base 10) to base 8.
-17
Convert -57 (base 12) to base 10.
-67
1 (base 3) to base 13
1
Convert -107 (base 15) to base 16.
-e8
Convert 21 (base 6) to base 7.
16
Convert -2 (base 9) to base 2.
-10
-10 (base 3) to base 12
-3
Convert f (base 16) to base 8.
17
42 (base 10) to base 15
2c
What is -411 (base 7) in base 5?
-1304
5 (base 13) to base 5
10
3 (base 5) to base 4
3
What is b (base 12) in base 16?
b
-305 (base 9) to base 5
-1443
5 (base 13) to base 5
10
What is 57 (base 14) in base 4?
1031
Convert 15 (base 10) to base 15.
10
What is 0 (base 8) in base 16?
0
a (base 14) to base 12
a
What is -43 (base 8) in base 3?
-1022
Convert 5 (base 14) to base 11.
5
What is 2 (base 15) in base 8?
2
43 (base 16) to base 7
124
Convert 0 (base 8) to base 7.
0
10 (base 7) to base 9
7
Convert 2 (base 11) to base 10.
2
What is 256 (base 11) in base 12?
213
2 (base 6) to base 11
2
5 (base 11) to base 3
12
What is a (base 12) in base 6?
14
Convert 110 (base 2) to base 14.
6
-110 (base 6) to base 4
-222
10 (base 6) to base 7
6
Convert 30 (base 12) to base 5.
121
What is 10 (base 7) in base 5?
12
-e (base 15) to base 12
-12
Convert -101 (base 6) to base 8.
-45
Convert -64 (base 11) to base 9.
-77
70 (base 10) to base 4
1012
What is -51 (base 6) in base 13?
-25
-12 (base 7) to base 8
-11
Convert -3 (base 4) to base 2.
-11
1100 (base 2) to base 15
c
2 (base 4) to base 15
2
What is 1122 (base 4) in base 2?
1011010
Convert 4 (base 7) to base 10.
4
Convert -7 (base 10) to base 12.
-7
Convert -2 (base 7) to base 15.
-2
What is -3 (base 10) in base 12?
-3
What is 2 (base 13) in base 16?
2
-47 (base 16) to base 13
-56
What is 2 (base 6) in base 10?
2
Convert 5 (base 6) to base 2.
101
2 (base 5) to base 2
10
Convert -10100 (base 2) to base 11.
-19
What is e (base 16) in base 4?
32
What is -21 (base 7) in base 12?
-13
Convert 2 (base 16) to base 12.
2
What is -29 (base 11) in base 13?
-25
Convert 6 (base 14) to base 12.
6
-1e (base 15) to base 3
-1002
Convert -378 (base 10) to base 9.
-460
Convert 4 (base 10) to base 8.
4
-2 (base 16) to base 2
-10
Convert 5 (base 8) to base 15.
5
What is 8 (base 10) in base 8?
10
What is -2 (base 16) in base 10?
-2
122 (base 9) to base 13
7a
1 (base 5) to base 3
1
1 (base 2) to base 11
1
-4 (base 6) to base 10
-4
13 (base 11) to base 16
e
What is 6 (base 11) in base 2?
110
What is -31 (base 9) in base 6?
-44
-1121 (base 3) to base 14
-31
What is 31 (base 14) in base 3?
1121
Convert 125 (base 6) to base 15.
38
What is 200 (base 5) in base 14?
38
4 (base 14) to base 7
4
Convert -171 (base 8) to base 9.
-144
Convert -55 (base 6) to base 13.
-29
2a (base 14) to base 13
2c
Convert 0 (base 9) to base 6.
0
What is -9 (base 13) in base 4?
-21
4 (base 16) to base 2
100
Convert -7 (base 16) to base 9.
-7
What is 14 (base 6) in base 13?
a
Convert 10 (base 3) to base 2.
11
Convert -35 (base 10) to base 11.
-32
Convert 27 (base 16) to base 13.
30
What is 80 (base 11) in base 8?
130
43 (base 8) to base 13
29
-1 (base 12) to base 14
-1
What is 12 (base 3) in base 2?
101
Convert 3 (base 16) to base 3.
10
Convert 182 (base 10) to base 8.
266
0 (base 5) to base 7
0
Convert 6 (base 9) to base 12.
6
Convert -111 (base 2) to base 11.
-7
What is 0 (base 15) in base 8?
0
23 (base 12) to base 9
30
47 (base 8) to base 2
100111
-14 (base 7) to base 10
-11
-29 (base 12) to base 10
-33
-340 (base 5) to base 9
-115
-8 (base 13) to base 10
-8
Convert 10 (base 3) to base 11.
3
-b (base 15) to base 9
-12
Convert -99 (base 10) to base 4.
-1203
-3 (base 15) to base 4
-3
Convert -1 (base 9) to base 16.
-1
What is 1100 (base 2) in base 16?
c
Convert 12201 (base 3) to base 2.
10011010
What is -54 (base 6) in base 10?
-34
Convert 10a (base 15) to base 16.
eb
a9 (base 13) to base 7
256
What is -111 (base 5) in base 10?
-31
What is 205 (base 14) in base 2?
110001101
2 (base 7) to base 6
2
What is -5 (base 13) in base 11?
-5
Convert 96 (base 15) to base 12.
b9
Convert 1 (base 3) to base 9.
1
Convert -14a (base 13) to base 9.
-276
What is 115 (base 8) in base 5?
302
Convert -1210 (base 3) to base 7.
-66
-4 (base 13) to base 5
-4
Convert -20 (base 9) to base 15.
-13
Convert 303 (base 6) to base 9.
133
Convert 1 (base 6) to base 11.
1
What is 9 (base 14) in base 13?
9
What is 29 (base 14) in base 16?
25
103 (base 16) to base 3
100121
-1 (base 3) to base 12
-1
11 (base 5) to base 2
110
What is 1 (base 4) in base 5?
1
What is 2e (base 16) in base 13?
37
Convert -12 (base 5) to base 15.
-7
-4 (base 8) to base 14
-4
What is -3 (base 9) in base 12?
-3
What is 2a (base 12) in base 2?
100010
What is -21110 (base 3) in base 4?
-3021
What is -11 (base 2) in base 4?
-3
What is -11 (base 4) in base 7?
-5
-5 (base 6) to base 13
-5
Convert 1212 (base 3) to base 10.
50
What is a (base 16) in base 8?
12
100011 (base 2) to base 13
29
-6 (base 15) to base 10
-6
What is 26 (base 7) in base 9?
22
What is -20 (base 5) in base 12?
-a
Convert -2 (base 15) to base 8.
-2
What is -3 (base 15) in base 2?
-11
What is -7 (base 8) in base 3?
-21
What is 0 (base 14) in base 12?
0
What is -165 (base 13) in base 6?
-1100
-15 (base 8) to base 2
-1101
110 (base 2) to base 10
6
Convert -15 (base 10) to base 13.
-12
2 (base 10) to base 9
2
1 (base 16) to base 8
1
Convert 2 (base 12) to base 16.
2
Convert 10 (base 5) to base 8.
5
What is 22 (base 12) in base 11?
24
Convert 3 (base 6) to base 15.
3
-410 (base 5) to base 6
-253
Convert 16 (base 7) to base 5.
23
0 (base 5) to base 3
0
-212 (base 3) to base 13
-1a
124 (base 7) to base 13
52
31 (base 15) to base 3
1201
Convert 1 (base 7) to base 5.
1
1 (base 12) to base 10
1
88 (base 10) to base 6
224
What is -200 (base 4) in base 14?
-24
Convert 34 (base 9) to base 15.
21
Convert -11 (base 13) to base 16.
-e
-a (base 14) to base 6
-14
Convert -1201 (base 6) 